{"id":70,"date":"2021-01-05T00:14:52","date_gmt":"2021-01-04T23:14:52","guid":{"rendered":"http:\/\/www.oliver-ilan-schulz.de\/?page_id=70"},"modified":"2021-01-07T21:33:22","modified_gmt":"2021-01-07T20:33:22","slug":"vita-und-kontakt","status":"publish","type":"page","link":"https:\/\/www.oliver-ilan-schulz.de\/?page_id=70","title":{"rendered":"Vita und Kontakt"},"content":{"rendered":"\n<h3 class=\"wp-block-heading\">Oliver Ilan Schulz \/ olian<\/h3>\n\n\n\n<div style=\"height:14px\" aria-hidden=\"true\" class=\"wp-block-spacer\"><\/div>\n\n\n\n<div class=\"wp-block-columns is-layout-flex wp-container-core-columns-is-layout-9d6595d7 wp-block-columns-is-layout-flex\">\n<div class=\"wp-block-column is-layout-flow wp-block-column-is-layout-flow\" style=\"flex-basis:33.33%\">\n<p>Geboren am 28. September 1970 in Passau<\/p>\n\n\n\n<p>Diplom-Politologe, staatl. gepr\u00fcfter \u00dcbersetzer f\u00fcr Franz\u00f6sisch<\/p>\n\n\n\n<p>Autor, Redakteur, Lektor, \u00dcbersetzer aus dem Franz\u00f6sischen<\/p>\n\n\n\n<p>Seit 2019 Redakteur bei Agentur wortundform<\/p>\n\n\n\n<p>2010-2017 Lektor bei Random House Verlagsgruppe, M\u00fcnchen<\/p>\n\n\n\n<p>CV auf Anfrage<\/p>\n\n\n\n<p>mail to:<a href=\"mailto:olian@oliver-ilan-schulz.de\"> olian@oliver-ilan-schulz.de<\/a><br>Tel.: ++49-(0)179 103 63 09<\/p>\n<\/div>\n\n\n\n<div class=\"wp-block-column is-layout-flow wp-block-column-is-layout-flow\" style=\"flex-basis:66.66%\">\n<figure class=\"wp-block-image size-medium\"><img loading=\"lazy\" decoding=\"async\" width=\"202\" height=\"300\" src=\"http:\/\/www.oliver-ilan-schulz.de-content\/uploads\/2021\/01\/OliverIlanSchulz2020-202x300.jpg\" alt=\"\" class=\"wp-image-73\" srcset=\"https:\/\/www.oliver-ilan-schulz.de\/wp-content\/uploads\/2021\/01\/OliverIlanSchulz2020-202x300.jpg 202w, https:\/\/www.oliver-ilan-schulz.de\/wp-content\/uploads\/2021\/01\/OliverIlanSchulz2020.jpg 425w\" sizes=\"auto, (max-width: 202px) 100vw, 202px\" \/><\/figure>\n<\/div>\n<\/div>\n\n\n\n<p><\/p>\n","protected":false},"excerpt":{"rendered":"<p>Oliver Ilan Schulz \/ olian Geboren am 28. September 1970 in Passau Diplom-Politologe, staatl. gepr\u00fcfter \u00dcbersetzer f\u00fcr Franz\u00f6sisch Autor, Redakteur, Lektor, \u00dcbersetzer aus dem Franz\u00f6sischen Seit 2019 Redakteur bei Agentur wortundform 2010-2017 Lektor bei Random House Verlagsgruppe, M\u00fcnchen CV auf Anfrage mail to: olian@oliver-ilan-schulz.deTel.: ++49-(0)179 103 63 09<\/p>\n","protected":false},"author":1,"featured_media":0,"parent":0,"menu_order":0,"comment_status":"closed","ping_status":"closed","template":"template-full-width.php","meta":{"footnotes":""},"class_list":{"0":"post-70","1":"page","2":"type-page","3":"status-publish","4":"hentry","5":"","6":"blog-left-layout","7":"blog-style-postblock","9":"blog-alt-odd"},"_links":{"self":[{"href":"https:\/\/www.oliver-ilan-schulz.de\/index.php?rest_route=\/wp\/v2\/pages\/70","targetHints":{"allow":["GET"]}}],"collection":[{"href":"https:\/\/www.oliver-ilan-schulz.de\/index.php?rest_route=\/wp\/v2\/pages"}],"about":[{"href":"https:\/\/www.oliver-ilan-schulz.de\/index.php?rest_route=\/wp\/v2\/types\/page"}],"author":[{"embeddable":true,"href":"https:\/\/www.oliver-ilan-schulz.de\/index.php?rest_route=\/wp\/v2\/users\/1"}],"replies":[{"embeddable":true,"href":"https:\/\/www.oliver-ilan-schulz.de\/index.php?rest_route=%2Fwp%2Fv2%2Fcomments&post=70"}],"version-history":[{"count":23,"href":"https:\/\/www.oliver-ilan-schulz.de\/index.php?rest_route=\/wp\/v2\/pages\/70\/revisions"}],"predecessor-version":[{"id":439,"href":"https:\/\/www.oliver-ilan-schulz.de\/index.php?rest_route=\/wp\/v2\/pages\/70\/revisions\/439"}],"wp:attachment":[{"href":"https:\/\/www.oliver-ilan-schulz.de\/index.php?rest_route=%2Fwp%2Fv2%2Fmedia&parent=70"}],"curies":[{"name":"wp","href":"https:\/\/api.w.org\/{rel}","templated":true}]}}

<h3 class="wp-block-heading">Oliver Ilan Schulz / olian</h3>



<div style="height:14px" aria-hidden="true" class="wp-block-spacer"></div>



<div class="wp-block-columns is-layout-flex wp-container-core-columns-is-layout-9d6595d7 wp-block-columns-is-layout-flex">
<div class="wp-block-column is-layout-flow wp-block-column-is-layout-flow" style="flex-basis:33.33%">
<p>Geboren am 28. September 1970 in Passau</p>



<p>Diplom-Politologe, staatl. geprüfter Übersetzer für Französisch</p>



<p>Autor, Redakteur, Lektor, Übersetzer aus dem Französischen</p>



<p>Seit 2019 Redakteur bei Agentur wortundform</p>



<p>2010-2017 Lektor bei Random House Verlagsgruppe, München</p>



<p>CV auf Anfrage</p>



<p>mail to:<a href="mailto:olian@oliver-ilan-schulz.de"> olian@oliver-ilan-schulz.de</a><br>Tel.: ++49-(0)179 103 63 09</p>
</div>



<div class="wp-block-column is-layout-flow wp-block-column-is-layout-flow" style="flex-basis:66.66%">
<figure class="wp-block-image size-medium"><img loading="lazy" decoding="async" width="202" height="300" src="http://www.oliver-ilan-schulz.de-content/uploads/2021/01/OliverIlanSchulz2020-202x300.jpg" alt="" class="wp-image-73" srcset="https://www.oliver-ilan-schulz.de/wp-content/uploads/2021/01/OliverIlanSchulz2020-202x300.jpg 202w, https://www.oliver-ilan-schulz.de/wp-content/uploads/2021/01/OliverIlanSchulz2020.jpg 425w" sizes="auto, (max-width: 202px) 100vw, 202px" /></figure>
</div>
</div>



<p></p>

<p>Oliver Ilan Schulz / olian Geboren am 28. September 1970 in Passau Diplom-Politologe, staatl. geprüfter Übersetzer für Französisch Autor, Redakteur, Lektor, Übersetzer aus dem Französischen Seit 2019 Redakteur bei Agentur wortundform 2010-2017 Lektor bei Random House Verlagsgruppe, München CV auf Anfrage mail to: olian@oliver-ilan-schulz.deTel.: ++49-(0)179 103 63 09</p>
